me number?
True
Suppose 4*v + 66 = 2*v. Let a be 10/8 + v/(-44). Is 1*(39 - 4/a) composite?
False
Let p(v) = 15*v**3 - 2*v**2 - 7*v + 4. Let h(z) = 29*z**3 - 4*z**2 - 13*z + 7. Let x(q) = 3*h(q) - 5*p(q). Is x(7) prime?
False
Let k(r) = -16*r**3 - 5*r**2 + 26*r - 77. Is k(-12) prime?
True
Let d(p) = p**2 + 15*p + 24. Let w be d(-14). Suppose -59*q - w = -64*q. Suppose -2*b + 2*z = b - 285, -q*b = 4*z - 190. Is b a composite number?
True
Let b(q) = -2*q**3 - 14*q**2 - 16*q + 17. Let f be b(-14). Let p = f + -328. Is p prime?
True
Let f(t) = -52*t - 256. Let c be f(-5). Is ((-68)/(-357)*-7)/(c/(-86613)) a composite number?
False
Suppose 7*m + 10 - 10 = 0. Suppose m = 14*f + 8324 - 115578. Is f a composite number?
True
Let t = 1021261 - 345192. Is t prime?
True
Let d = -18 + 54. Let p be (70/3)/(d/270). Let y = 468 - p. Is y composite?
False
Let s be (22/(-1))/(12/54*-9). Suppose -20*b + 156231 = -s*b. Is b a prime number?
True
Is (-726591 - 0)/((-20)/6 - 226/(-678)) a composite number?
False
Let y(k) = -38193*k + 6895. Is y(-8) composite?
True
Suppose 4*g + 4 = 0, m + 1086*g - 1089*g - 34376 = 0. Is m a composite number?
True
Let t = 0 + 6. Let u be 1 + 2 - (-7 + t) - 0. Suppose u*r - 1156 = 2104. Is r composite?
True
Suppose 7*v - 98 = 14. Let h(u) = 11*u**2 - 18*u + 3. Is h(v) a prime number?
True
Let r be (6/3)/(1 + 0). Let a be (-1 - 1) + -5*-1*r. Suppose -10*n = -a*n - 268. Is n a prime number?
False
Let v(q) = 9998*q - 74. Let m be v(-5). Is m/(-280)*10/4 a composite number?
True
Let z = -458 - -458. Suppose z = -k - 5*s + 12819, -38435 = -3*k - 0*k - 4*s. Is k composite?
False
Let q(k) = 3*k + 24. Let g be q(-8). Suppose g = 9*v - 6*v - 5451. Is v a composite number?
True
Let a = 672173 - 464530. Is a a prime number?
True
Suppose x = 3*n - 0 + 4, 0 = -2*x + 5*n + 8. Suppose 2*u + x = 4. Suppose u*m - 2*m = -938. Is m a composite number?
True
Suppose 0 = 6*p - 7833 - 38493. Is p a composite number?
True
Let v = 909 + -853. Is (1071238/v)/7 + (-1)/(-4) a composite number?
True
Suppose f + 404317 = i + 2*f, -2*f = i - 404325. Is i a prime number?
True
Suppose 2*k + v + 5 = 4*v, 2*k - v - 5 = 0. Suppose 0 = k*n - 32 - 2078. Suppose 110 = -y - 4*q + 321, 2*y + 4*q - n = 0. Is y composite?
False
Let c be ((-20)/8)/(-5)*(-12)/(-2). Let m be -404*c/(-6) + 3/1. Let p = m - -616. Is p a composite number?
False
Suppose -116*n + 11449324 = -40*n. Is n composite?
False
Let q = -171497 + 292902. Is q a composite number?
True
Suppose -107*i + 110*i = -4*q + 268855, 4*q = 3*i - 268847. Is i composite?
True
Suppose -4*k + 0*k + 20 = 0. Suppose 3*t - 2*t + 18 = k*o, 3*o - t - 12 = 0. Suppose 0 = -7*b + 4*b + o*y + 1365, b + 4*y - 435 = 0. Is b a composite number?
True
Let y = -23 - -26. Suppose 0 = -4*m - 5*b - 37, -y*b = -2*m + m + 12. Is ((-106)/(-18))/((-1)/3)*m composite?
False
Suppose -64*f = -69*f + 78735. Suppose 2*h + n - 6*n = f, 0 = -h + 2*n + 7871. Is h a composite number?
True
Suppose 24 = -5*h - 3*u, 0 = -4*h + u + 13 - 39. Let p(v) = -21*v - 1. Let m(q) = 11*q + 2. Let f(i) = 5*m(i) + 3*p(i). Is f(h) composite?
True
Let x(h) = 3672*h**3 - 2*h**2 + 2*h - 1. Let q be x(1). Suppose 4302 = 3*k + 3*f - 255, 4*f - 4 = 0. Let p = q - k. Is p composite?
False
Suppose 90982 = 2*d - 46956. Is d a prime number?
False
Let q = -121221 - -497923. Is q a composite number?
True
Suppose 4*g + 1 = -7, -4207 = -i - 3*g. Suppose 670 = -3*w + i. Is w prime?
True
Let o be ((-37007)/(-46))/((-2)/4). Let r = 1848 - o. Is r composite?
False
Let v = 485187 - 213529. Is v prime?
False
Let y = 118 + -116. Let x(a) = 763*a + 9. Is x(y) prime?
False
Suppose -1 = -2*x - 5, -2*x = -3*l + 28. Let d(n) = 256*n + 23. Is d(l) a prime number?
False
Let k(g) = 223*g**2 + 234*g + 34. Is k(5) prime?
True
Let i(r) = r**3 + 23*r**2 + 19*r + 14. Let o be i(-9). Suppose -244*x + o = -243*x. Is x a prime number?
True
Suppose -209*l + 207*l = -28. Let i = l + 221. Is i prime?
False
Let n be ((-2 - 2)/(-2))/((-40)/260). Let m(t) = -4*t**3 - 16*t**2 - 20*t - 21. Is m(n) prime?
True
Suppose 4*p = -2*l + 8, 5*p - 3 = -5*l + 17. Suppose -3*b + 4008 + 2991 = p. Is b a prime number?
True
Let j(h) = -369*h**2 + 21*h + 87. Let r(g) = 246*g**2 - 14*g - 59. Let q(c) = 5*j(c) + 8*r(c). Is q(-5) prime?
False
Let z = 518372 + -289405. Is z a prime number?
False
Let c = 135 + -66. Let k be (-6546)/(-5) + (-6)/30 - -1. Let b = k - c. Is b composite?
True
Let w(r) = -6278*r - 44. Let x be w(9). Is x/(-8) - ((-507)/52 - -11) a composite number?
True
Let w(p) be the third derivative of 7*p**5/60 - 43*p**4/24 - 67*p**3/6 - 87*p**2. Is w(15) prime?
True
Suppose -8 = 3*i - 7*i. Suppose 0 = -0*z + i*z - 80. Suppose 37*q + 117 = z*q. Is q composite?
True
Let a = 925283 + -8112. Is a a composite number?
True
Suppose 4089*a + 42733624 = 4159*a - 41534966. Is a composite?
True
Let g = 747034 - 429053. Is g composite?
True
Let z = 4041 + -8983. Let w = 7709 + z. Is w composite?
False
Let q be (2 + -5)*4*2/(-4). Let g(b) = 3*b + 19. Let t be g(q). Suppose -1 - 21 = -p + 5*l, 2*l = p - t. Is p composite?
False
Let u(j) = 1944*j - 413. Is u(12) composite?
True
Let x(v) = v**3 - 14*v**2 + 2*v + 5. Suppose 3*t = 6*t - 42. Let d be x(t). Suppose 37*z - d*z - 348 = 0. Is z prime?
False
Let p = -754 + 39635. Is p composite?
True
Suppose 5*z = s + 18562, 5*z + 3*s + s - 18552 = 0. Suppose 9*j - 4*j + z = 2*u, -5*j = -3*u + 5573. Is u prime?
True
Suppose 5*m - 3*m - 13 = -3*c, -3*c + 11 = 4*m. Suppose -b + 1943 = 4*j, -6*b + c*b = -2*j - 1913. Is b a prime number?
False
Let l(p) = -8*p - 3. Let r be l(-1). Let k be 9 - r - (1 + -1). Suppose 3*j = 5*d - 3677 - 524, -854 = -d - k*j. Is d a composite number?
True
Suppose -2*x = 2*t - 5*t - 13, -2*x = 3*t - 19. Is 1*(-6 - -915) - x prime?
False
Suppose -6*w + 658995 = 3*j - 10*w, -3*j + 2*w = -658995. Is j composite?
True
Let t be (-1 + 0)*(3 - -1). Let x(n) = n**2 - 7*n - 4. Let s be x(7). Is s + 1188 + (t - -7) prime?
True
Suppose 511 = 38*u - 439. Suppose -u*t + 136665 = -10*t. Is t a prime number?
False
Let o(f) = 5*f - 3*f + 4 + f**2 + 4*f. Let m be o(-4). Is 2*6/m - 4020/(-6) a prime number?
False
Suppose -49 = 4*g + t, -2*g - 128*t - 17 = -129*t. Let u(j) be the third derivative of 4*j**5/15 + j**4/24 + 22*j**3/3 - j**2. Is u(g) a composite number?
True
Suppose 137034583 = 47*j + 198*j - 34*j. Is j a prime number?
False
Let k be (1 + (-22830)/(-8))/(10/(-40)). Let g = k - -16170. Is g a prime number?
True
Let m(h) be the second derivative of h**5/10 - h**4/3 + h**3/2 - h**2 + 4*h. Let u be m(2). Suppose -12*p + 3832 = -u*p. Is p a composite number?
False
Let y(n) be the third derivative of -n**6/120 - n**5/12 + 7*n**4/24 + n**3/3 + 4*n**2. Let q be y(-7). Let a = q + 60. Is a prime?
False
Let x(h) = h**3 + 70*h**2 + h - 757. Is x(-57) prime?
False
Suppose 3*q + 200839 + 7827 = 2*h, 2*h - 208666 = -q. Is h prime?
False
Suppose -3*h + 548404 = 5*p, 0 = 4*h + 44*p - 42*p - 731210. Is h a composite number?
False
Let t = 847048 - 293489. Is t composite?
True
Suppose 41*y - 24049630 = 4783. Is y composite?
False
Is 2/((-14)/(-200394502)*22) a composite number?
True
Let b(i) = -9*i + 6. Let x be b(0). Suppose -x*m + 1947 = -5*m + 5*f, -4*f = 2*m - 3888. Is m prime?
False
Suppose 4*k - 1140861 = -5*n, 4*k + 912696 = -13*n + 17*n. Is n composite?
True
Let t be 350/30 - 4/(-3). Let a(u) = 23*u**2 - 21*u + 23. Is a(t) a prime number?
True
Let v = -6052 - -2075. Let m = v + 6556. Is m a prime number?
True
Suppose 12*b - 6*b - 276 = 0. Let q = -43 + b. Suppose -q*j - 2*d = 2*j - 6993, 3*d = 2*j - 2801. Is j a prime number?
True
Suppose 8*n - 4*i = 792780, -4*n + 0*n - 5*i + 396355 = 0. Is n a composite number?
True
Suppose h = -5*j + 29 - 9, 0 = 2*h - 2*j + 8. Let d be 1 + 2 + (-1727 - h). Is (d/8 - 3)*-2 composite?
True
Let w be 1*(5 + -6) - -3. Suppose 3*j - 10892 = -2*v + 7*v, -w*j = 2*v + 4360. Is 4/(-8)*(5 + v) a composite number?
False
Let m = 103 - 100. Let a(j) = -j + 22*j**3 + 77*j**3 - 13 - 12*j**3. Is a(m) a composite number?
False
Let r = -2249786 - -3929625. Is r prime?
False
Let a(k) = -5*k + 4. Let t(q) = -4*q + 3. Let m(c) = -3*a(c) + 4*t(c). Let g(s) = 28*s - 71. Let w(o) = -g(o) - 4*m(o). Is w(-26) a composite number?
True
Suppose -p = -4*t - 21 - 7, 5*p = 4*t +